1101110 (base 2) to base 3.
11002
Convert -1988 (base 12) to base 14.
-11d6
Convert 3506 (base 7) to base 15.
5a5
Convert 530 (base 12) to base 7.
2130
Convert 12021 (base 3) to base 8.
216
41500 (base 7) to base 3
111222111
-1202234 (base 5) to base 8
-53262
What is 11111010000101 (base 2) in base 11?
11030
Convert 23133 (base 4) to base 10.
735
-9524 (base 12) to base 13
-755b
Convert 20120221 (base 3) to base 14.
1a72
Convert 11634 (base 9) to base 2.
1111001111111
What is -dbe (base 16) in base 8?
-6676
Convert -122020212 (base 3) to base 2.
-11000100100010
Convert -1110 (base 3) to base 7.
-54
What is 112011012 (base 3) in base 4?
2201033
Convert -52137 (base 9) to base 11.
-23913
-110023 (base 4) to base 14
-683
What is -222430 (base 6) in base 2?
-100100100110010
-22200 (base 3) to base 8
-352
Convert 446 (base 8) to base 6.
1210
Convert -2144 (base 5) to base 11.
-252
What is -13300 (base 4) in base 14?
-276
Convert 365e (base 16) to base 8.
33136
Convert -162 (base 10) to base 2.
-10100010
What is -1012020122 (base 3) in base 7?
-125351
What is -112000 (base 3) in base 9?
-460
Convert -1 (base 3) to base 10.
-1
100000100111 (base 2) to base 11
1628
Convert 3210 (base 8) to base 14.
876
583 (base 12) to base 5
11234
Convert 344 (base 15) to base 2.
1011100011
1340011 (base 5) to base 4
12231302
What is -12188 (base 9) in base 5?
-230210
-2864 (base 10) to base 5
-42424
Convert -512 (base 6) to base 10.
-188
Convert 3124 (base 6) to base 13.
41b
Convert -ac (base 14) to base 15.
-a2
Convert 2303212 (base 4) to base 12.
679a
What is 233 (base 11) in base 8?
426
Convert 2565 (base 8) to base 3.
1220202
Convert 14706 (base 12) to base 9.
43276
5823 (base 14) to base 3
210000101
-15d (base 16) to base 7
-1006
Convert 408 (base 11) to base 15.
22c
What is 1231331 (base 4) in base 5?
211122
What is -144b (base 14) in base 3?
-11221011
Convert 2000 (base 7) to base 3.
221102
-15686 (base 9) to base 13
-4b96
36b (base 12) to base 4
20003
What is 1021321 (base 5) in base 13?
7a14
-10101111101100 (base 2) to base 6
-124020
7198 (base 12) to base 10
12356
Convert -5792 (base 12) to base 11.
-7371
Convert -2075 (base 8) to base 10.
-1085
Convert 645 (base 11) to base 6.
3331
736 (base 12) to base 8
2032
-113110 (base 6) to base 3
-111101120
-1122 (base 12) to base 4
-131222
8bc (base 16) to base 2
100010111100
Convert 24300 (base 6) to base 12.
2090
5708 (base 11) to base 9
11264
Convert -1e (base 16) to base 14.
-22
Convert 277 (base 9) to base 10.
232
What is 11100100 (base 2) in base 9?
273
Convert 79c (base 13) to base 10.
1312
-10100101101 (base 2) to base 7
-3602
What is 502 (base 10) in base 8?
766
What is 4232 (base 5) in base 15?
27c
What is 20562 (base 10) in base 16?
5052
18513 (base 11) to base 16
6534
Convert 4620 (base 12) to base 2.
1111001111000
-7cb (base 15) to base 10
-1766
Convert 1001021110 (base 3) to base 8.
50205
What is 23495 (base 11) in base 13?
1254b
What is 36001 (base 8) in base 5?
442421
What is 3462 (base 13) in base 15?
229c
70653 (base 9) to base 11
319a8
Convert 1045255 (base 6) to base 8.
147443
2113 (base 7) to base 11
618
6d8 (base 16) to base 5
24002
11011001110 (base 2) to base 14
8c6
795 (base 11) to base 15
436
Convert -214343 (base 5) to base 4.
-1310301
Convert -3651 (base 7) to base 15.
-609
Convert 6a13 (base 12) to base 16.
2e2f
What is a3c (base 15) in base 14?
bab
-224004 (base 6) to base 9
-28064
Convert -24054 (base 6) to base 15.
-107a
Convert -1586 (base 9) to base 7.
-3351
2152 (base 10) to base 13
c97
Convert 1006 (base 11) to base 5.
20322
What is -6b (base 13) in base 2?
-1011001
-6870 (base 12) to base 4
-2311110
Convert -100214 (base 5) to base 8.
-6160
What is -167 (base 14) in base 5?
-2122
-4621 (base 12) to base 15
-24a1
-13223302 (base 4) to base 14
-b682
Convert 12234 (base 6) to base 11.
1407
-1010200102 (base 3) to base 8
-53537
Convert 1988 (base 11) to base 5.
40031
Convert 142 (base 7) to base 4.
1033
-b5cd (base 15) to base 2
-1001011000101011
What is -6719 (base 10) in base 9?
-10185
Convert -1400 (base 6) to base 7.
-1023
111010001000 (base 2) to base 11
2882
What is -20b1 (base 13) in base 12?
-2762
41055 (base 7) to base 3
111200220
What is -39aa (base 15) in base 8?
-30026
b80 (base 15) to base 9
3503
Convert 2110 (base 7) to base 13.
451
Convert 144b (base 13) to base 15.
d0b
Convert -295 (base 10) to base 2.
-100100111
Convert 144b (base 15) to base 12.
2622
What is 1147 (base 9) in base 14?
44d
What is 243 (base 12) in base 9?
416
Convert 112001111 (base 3) to base 6.
115234
Convert 123331 (base 4) to base 12.
1051
110002 (base 4) to base 2
10100000010
Convert 242500 (base 6) to base 5.
1140343
What is -94ab (base 16) in base 10?
-38059
What is -735 (base 16) in base 2?
-11100110101
2213 (base 7) to base 12
562
-a9 (base 13) to base 12
-b7
Convert -270 (base 12) to base 11.
-309
Convert 136 (base 15) to base 10.
276
Convert -32442 (base 5) to base 13.
-103b
Convert -4134222 (base 5) to base 11.
-47155
2002000 (base 3) to base 11
1155
What is -10202 (base 4) in base 13?
-194
6867 (base 13) to base 6
151403
Convert -306 (base 13) to base 14.
-289
Convert 2534 (base 16) to base 8.
22464
What is d61 (base 14) in base 16?
a49
What is -54142 (base 7) in base 10?
-13456
Convert 301330 (base 7) to base 16.
c6f4
What is 122a (base 12) in base 11?
15a4
-144120 (base 5) to base 10
-6160
What is -1027 (base 9) in base 5?
-11004
What is 2126 (base 8) in base 13?
675
-29033 (base 10) to base 14
-a81b
What is 466d (base 16) in base 13?
828b
20221021 (base 3) to base 7
20512
Convert -11111011000 (base 2) to base 3.
-2202101
-1753 (base 14) to base 13
-1ba3
110000101100 (base 2) to base 15
dcb
Convert -b003 (base 12) to base 9.
-28063
Convert 2517 (base 11) to base 2.
110011010101
What is -4203 (base 5) in base 15?
-26d
25c (base 13) to base 5
3130
Convert -17515 (base 9) to base 4.
-2330303
40144 (base 5) to base 2
100111110101
Convert 134513 (base 8) to base 12.
2354b
Convert -10033 (base 4) to base 14.
-155
531b (base 13) to base 15
362b
What is -11321131 (base 4) in base 7?
-130300
Convert 255 (base 12) to base 11.
2a1
Convert -10333 (base 4) to base 6.
-1251
Convert -133 (base 8) to base 11.
-83
Convert 10021211 (base 3) to base 16.
95e
1252 (base 13) to base 12
160a
Convert 3201 (base 9) to base 11.
1847
What is -12262 (base 7) in base 10?
-3229
Convert 4630 (base 7) to base 13.
9ca
-56734 (base 8) to base 9
-35857
Convert 66342 (base 8) to base 16.
6ce2
-290 (base 12) to base 15
-1b6
Convert -101313 (base 5) to base 2.
-110100000101
What is -5327 (base 10) in base 11?
-4003
155103 (base 6) to base 13
6cc9
Convert -2c5 (base 16) to base 10.
-709
Convert 110101000 (base 2) to base 4.
12220
Convert 1146 (base 7) to base 11.
358
What is -4439 (base 11) in base 12?
-3476
What is -483 (base 14) in base 11?
-748
What is -1001011100 (base 2) in base 6?
-2444
24734 (base 8) to base 12
6250
What is 10100010001 (base 2) in base 14?
689
-4240 (base 7) to base 16
-5da
Convert -1110111110 (base 2) to base 11.
-7a1
What is 1100110001010 (base 2) in base 15?
1e0d
Convert 1021002 (base 3) to base 11.
767
What is -3a61 (base 11) in base 13?
-2525
168 (base 13) to base 2
11111111
What is -66416 (base 7) in base 2?
-100000100100001
Convert 5301 (base 7) to base 12.
10b3
What is -4b0 (base 14) in base 5?
-12223
-cd5 (base 15) to base 7
-11312
-54215 (base 7) to base 10
-13487
Convert 1011110111 (base 2) to base 6.
3303
27652 (base 10) to base 14
a112
What is 934 (base 10) in base 16?
3a6
What is 21454 (base 7) in base 15?
18da
10325 (base 6) to base 5
21141
Convert 11011011110101 (base 2) to base 4.
3123311
Convert 10011 (base 5) to base 4.
21313
What is -2331 (base 4) in base 14?
-d7
Convert -599 (base 10) to base 12.
-41b
What is -653 (base 7) in base 5?
-2312
What is -155235 (base 7) in base 11?
-21035
-5aa5 (base 12) to base 6
-115125
Convert -304550 (base 6) to base 10.
-24402
-2a1 (base 11) to base 10
-353
-2b65 (base 13) to base 9
-8620
a1b (base 15) to base 14
b88
551 (base 12) to base 14
3db
Convert -130 (base 9) to base 12.
-90
Convert 1001110010 (base 2) to base 8.
1162
7b (base 14) to base 8
155
Convert 25 (base 15) to base 12.
2b
-6060 (base 12) to base 13
-49a1
Convert -15 (base 15)